 divided by m.
15
Let i(m) = -m**3 + 39*m + 24. Calculate the remainder when i(-7) is divided by 33.
28
Let l(f) = -f**2 - 9*f + 4. Let u = -25 + 35. Let x = -4 + u. Calculate the remainder when l(-6) is divided by x.
4
Let y(l) = l**2 - 28*l + 23. What is the remainder when 523 is divided by y(29)?
3
Let b(o) = -o**3 - 8*o**2 + o + 5. Let u be b(-7). What is the remainder when 19 + (-1 - -1*1) is divided by (-1 + u/9)*12/(-8)?
9
What is the remainder when (103/(-2))/(-2*3/60) is divided by 37?
34
Let o be (-1 + 0)*-4 - (0 + 163). Let u = -146 - o. Calculate the remainder when 45 is divided by u.
6
Let i = -13546 - -13555. Calculate the remainder when (-2)/(-4) + 41/2 is divided by i.
3
Suppose 4*a = 9*a - 1510. Suppose 2*r = -0*r + d - a, -141 = r - 3*d. Let q = r - -222. What is the remainder when q is divided by 24?
21
Suppose 4*m + 5*w - 231 = 0, -3*m + 5*w + 147 = -0*m. What is the remainder when m is divided by 7?
5
Suppose 3*a - 86 = -w, 0 = 4*a - 2*w - 0*w - 118. Calculate the remainder when 161 is divided by a.
16
Suppose 0 = 2*m - 0*d - 5*d - 57, -d = 3. Let n = 4 - m. Let q = 1 - n. What is the remainder when 70 is divided by q?
16
Calculate the remainder when (-8679)/(-165) + -1 + (-21)/(-15) is divided by 2.
1
Let t(b) = 73*b**2 - b. Calculate the remainder when 715 is divided by t(1).
67
Let m be (-4)/10 - (2 - (-141)/(-15)). Suppose 3*y - 70 = -m. What is the remainder when 38 is divided by y?
17
Suppose -493 = -5*k + 2*j, 0 = -3*j + 3. What is the remainder when k is divided by 39?
21
Suppose -2*h - 5*u + 114 = -h, -2*u = 3*h - 407. Suppose -v = -7*x + 2*x - 423, -339 = 4*x - v. Let k = h + x. What is the remainder when k is divided by 14?
13
Let r(t) = -155*t + 9. Calculate the remainder when r(-4) is divided by 7.
6
Let q = 324 + -146. Suppose -2*h - 4*m + q = 0, -h + 415 = 4*h - 5*m. What is the remainder when h is divided by 23?
16
Let z(s) = -s**3 + 4*s**2 - s + 2. Let k(f) = -f**2 - 14*f - 11. Let r be k(-6). Let p = r + -24. What is the remainder when p is divided by z(3)?
5
Let o be ((-1)/2)/((-2)/(-4)). What is the remainder when ((-3)/(-6))/(2/196) is divided by (65 - 15)/(3 - (-1)/o)?
24
Let i(a) = -a**2 - a + 81. Suppose m - 13 = -j, -2*m + j + 19 = m. Calculate the remainder when i(8) is divided by m.
1
Let l = 33 - 33. Suppose w + 2*z - 31 = -3, l = -w + 4*z + 4. What is the remainder when 56 is divided by w?
16
Suppose 0 = 4*v - 5*x - 219, -6*x + 2*x = v - 60. Calculate the remainder when v is divided by 19.
18
Suppose -5*f + 975 = -2*x - 3*x, 0 = 5*f + 3*x - 999. Calculate the remainder when f is divided by 44.
22
Suppose -o = -3, -2*f - 3*o + 6 = -3*f. What is the remainder when 15/45*2*f + 59 is divided by 32?
29
Suppose 0 = -6*f + f + 155. Suppose 5*x - f = -1. What is the remainder when 20 is divided by x?
2
Suppose -440 = 9*x - 53*x. Suppose -14 = -5*z + 11. What is the remainder when x is divided by z?
0
Suppose 3*k + 1011 = 2*j - 555, -2*k - 1564 = -2*j. What is the remainder when j is divided by 71?
70
Let y = 20 - 15. Suppose 2*j + 4*r - 8 = 5*j, 0 = 3*j + y*r - 37. What is the remainder when 23 is divided by j?
3
Suppose 15*q - 207 = 333. Suppose 1 + 19 = 2*f - 4*w, 0 = -5*f - 5*w + 35. Calculate the remainder when q is divided by f.
4
Suppose -i = 4*i - 3*y - 18, -3*y = 3. What is the remainder when i is divided by (-1)/(-1) + 2/2?
1
Let f(a) = -21*a + 23. Let r(u) = -1. Let k(b) = -f(b) - 5*r(b). Calculate the remainder when k(4) is divided by 17.
15
Calculate the remainder when 26 is divided by 5 + 27 + -8 - 6.
8
Let y(d) = d**2 + 10*d - 13. Let h be y(-12). Suppose -8*s = -h*s. What is the remainder when 4 + 21 - (s - -1) is divided by 5?
4
What is the remainder when 112 is divided by 1*(-30)/(-12)*(-228)/(-15)?
36
Let a(d) = 19*d - 3*d**2 + 31 + 2*d**2 - 8*d. Calculate the remainder when a(11) is divided by 17.
14
What is the remainder when 184 is divided by (2 - -1)/(-1)*(-1159)/57?
1
Suppose 22*k - 934 - 650 = 0. Calculate the remainder when k is divided by 42.
30
Suppose -3*s - 3 + 0 = 0. Calculate the remainder when 36 is divided by 3/2*((-7)/s + 1).
0
Suppose -28*o + 458 + 522 = 0. Calculate the remainder when 53 is divided by o.
18
Let y = 8 + -5. Calculate the remainder when -3 - ((-240)/25 + (-4)/10) is divided by y.
1
Let n = -1411 - -1421. What is the remainder when 38 is divided by n?
8
Let o(x) = x**2 + 103*x + 398. What is the remainder when 54 is divided by o(-4)?
0
Let v(k) = -k**3 + 17*k**2 - 22*k + 113. Calculate the remainder when 559 is divided by v(16).
15
Let k(v) = -27*v**3 + 5*v**2 + 5*v. Let z(j) = -j**3 - j**2 - j. Let l(w) = k(w) + 4*z(w). Calculate the remainder when l(-1) is divided by 16.
15
Let u(o) = -o + 7. Suppose -p - p + 14 = 0. Let a be u(p). Suppose a = -x - 5*y + 88, 4*x - 2*y = -34 + 342. Calculate the remainder when x is divided by 20.
18
Let p be 1 + -1 - 16/(-8). Suppose 4 = -p*b - 2. Calculate the remainder when 21 + 2 - 0/b is divided by 5.
3
Suppose 0 = y - 6*y + 10. Let q(w) = 2*w**3 - w**2 + w + 2. What is the remainder when q(y) is divided by 8 + -1 - (5 + -7)?
7
Suppose 0 = -24*t - 374 + 445 + 937. Calculate the remainder when (-5 + -1)/((-3)/40) is divided by t.
38
Let u = 34 - 30. Suppose -3*r - u*d + 256 = r, -143 = -2*r - 5*d. What is the remainder when r is divided by 6?
5
Suppose -2*q = c - 28, -5*q + 3*c + 70 = -2*c. Let x = -1 - -97. Suppose -5*j + 28 = v - 7*j, 3*v = 3*j + x. Calculate the remainder when v is divided by q.
8
Let d be (3/(-6))/(1/12). Let j be (-3)/3*(d - 3). Calculate the remainder when 23 is divided by ((-3)/j)/(3/(-117)).
10
Let a(t) = 6*t - 13. Let u(q) = -7*q + 14. Let w(m) = -6*a(m) - 5*u(m). Calculate the remainder when (18/(-12))/((-3)/62) is divided by w(0).
7
What is the remainder when (8/20)/((-21)/(-13125)) is divided by 84?
82
Suppose -3*q = -8*q. Let w(y) = -y**3 + y + 3. Calculate the remainder when (-3)/15 + (-52)/65 + 4 is divided by w(q).
0
Let v(b) be the third derivative of 7*b**5/15 - b**4/24 - b**3/6 + 2*b**2. Suppose 8*u - 540 = 332. Calculate the remainder when u is divided by v(-1).
25
Suppose 0 = -5*v + 261 - 96. Calculate the remainder when 229 is divided by v.
31
Let w = 12 + 39. Let v = -289 - -492. Calculate the remainder when v is divided by w.
50
Let l be 9/21 + (-25)/(-7). Suppose l*j - 16 = 2*j. Let s(z) = 4*z - 95. Calculate the remainder when s(29) is divided by j.
5
Let h(r) = -40*r + 257. Calculate the remainder when h(4) is divided by 26.
19
Suppose -82 = -q - 2*k, -5*q + 3*k + 112 = -259. Let b = -29 + q. Calculate the remainder when b is divided by 16.
15
Let d(n) = -n**2 + 12*n + 19. Suppose -5*u + 39 = -2*u. Suppose 0 = -5*r + 96 - 11. What is the remainder when r is divided by d(u)?
5
Let v = -294 + 390. Calculate the remainder when v is divided by 23.
4
Let w(q) = -3*q**3 + q**2 + q - 4. Calculate the remainder when 193 is divided by w(-2).
17
Let f be 6/((5 - 10) + 8). Calculate the remainder when 55 is divided by ((-5)/10)/(f/(-116)).
26
Suppose 4*y - 61 = 59. Suppose -10 = 11*c - 13*c. Suppose 2*n - 31 = -0*n - 5*j, -c*n + j + 37 = 0. What is the remainder when y is divided by n?
6
Let c = 1705 + -1685. Calculate the remainder when 38 is divided by c.
18
Let u = -124 - -199. Suppose 3*p = -2*o + 2, 3*p - 19 = 2*p + 3*o. Suppose 2*s - 48 = p. What is the remainder when u is divided by s?
23
Let m(a) = -4*a - 15. Let l(k) = -5*k - 14. Let f(s) = 6*l(s) - 4*m(s). What is the remainder when f(-8) is divided by 18?
16
Let w = -1 - -77. Calculate the remainder when w is divided by ((-152)/(-4) - -2)*2/4.
16
Let m(d) = 8*d - 2. Let u be m(1). Suppose -91 - 179 = u*a. Let r = 114 + a. What is the remainder when r is divided by 35?
34
What is the remainder when 18/4*(-1 - (-29)/3) is divided by 14?
11
Let w be 9*9/(135/20). Suppose -w = -6*q + 3*q. What is the remainder when q is divided by 2?
0
Let m = 104 + -99. Suppose -m*v + 4*y - 35 = -8*v, -2*y + 13 = v. What is the remainder when 24 is divided by v?
6
Let y be ((-15)/(-5))/(6/242). Let b = y + -8. Calculate the remainder when b is divided by 29.
26
Suppose 0*v + 80 = 4*l - 2*v, -4*v = 4*l - 104. Calculate the remainder when 39 is divided by l.
17
Let y be 1 + 6 + (-4)/2. Suppose 4*r = -3*h + 245, 3*h - 4 - y = 0. Calculate t